+ 129. What is the highest common factor of 18 and g?
18
Let d = 366 - 204. Suppose -2*w + 2*u = -d, 346 = 4*w + 5*u - 5. What is the highest common divisor of 12 and w?
12
Let t be (-61)/(-2) + (-16)/(-32). What is the highest common factor of 31 and t?
31
Suppose 3*n = -0*n + 18. Suppose 0 = 3*j - 5 - 1. Let f(h) = 7*h**3 - 2*h**2 - h + 2. Let d be f(j). What is the greatest common divisor of d and n?
6
Let l be ((-2)/(-2))/(4/8). Suppose 2*k + 50 = 5*c, 7*c - 4*k - 40 = l*c. Suppose -p = -0*p - c. Calculate the highest common factor of p and 36.
12
Let r be 2 - 1 - 213/(-3). Let f(c) = -c**3 + c**2 + 10*c - 4. Let z be f(-4). Calculate the greatest common factor of r and z.
36
Let d = -122 + 129. Let s be (-32)/(-4) - (0 + 1). What is the highest common factor of d and s?
7
Let i = -1 - 4. Let q = i + 7. Let t be (-414)/(-12) + q/4. Calculate the greatest common divisor of t and 14.
7
Let k be (-4 + 3)/((-1)/2). Suppose 5*x = -k*q - 1, 2*x - 3*x + 31 = 3*q. What is the greatest common factor of 108 and q?
12
Let o = -17 + 36. Suppose 4*y + 4*n = 64, -y = -n + 5*n - o. Let m = y + 2. Calculate the greatest common divisor of 119 and m.
17
Let d(g) = -3*g + 24. Let f be d(-4). What is the greatest common divisor of f and 60?
12
Suppose 152 = 2*z - 8. Calculate the highest common divisor of 4 and z.
4
Let y = 30 - 19. Let b be -6*2/4 + y. Calculate the highest common factor of b and 8.
8
Let h = 33 + -2. Let g = -14 + h. What is the highest common factor of 136 and g?
17
Suppose -3*n + t + 155 = 0, -4*t = 3*n - 115 - 15. Calculate the highest common factor of n and 25.
25
Let c be -2 + (-10)/5 - -7*7. What is the greatest common divisor of c and 5?
5
Suppose -4*m - 4*s = -20, 0 = -4*m + 4*s + 1 + 3. Suppose -m*t - 9 = 0, 27 = 2*a + 3*t - 2*t. What is the highest common factor of 60 and a?
15
Let k(m) = -27*m. Let g be k(-4). Suppose 4*y + 4*v = 8*v + g, 3*y + 4*v = 102. What is the highest common factor of 3 and y?
3
Suppose f + 139 = 2*y, -3*y + 205 = -3*f - 2*f. What is the highest common factor of 28 and y?
14
Let w = -795 + 1717. Let a be (-2)/(-6) - w/(-6). Calculate the highest common factor of 14 and a.
14
Suppose -3*h + 190 = 2*h. Suppose 5*l - 2*x = 66 + 29, -2*l + h = -x. Calculate the greatest common factor of l and 133.
19
Let k = -38 + 39. What is the highest common factor of k and 7?
1
Let y(b) = -b**2 - 12*b - 9. Let r = 1 + -10. Let v be y(r). What is the highest common factor of v and 2?
2
Let j = 117 - 39. Let b be 12/j + (-464)/(-26). What is the greatest common factor of b and 6?
6
Let g(m) = 3*m + 10. Let s(r) = r + 5. Let a(x) = 2*g(x) - 5*s(x). Let j be a(9). Calculate the highest common divisor of 10 and j.
2
Suppose 3*a + 3 = -0*a. Let y be 80/(a/(1 - 2)). What is the greatest common factor of y and 20?
20
Suppose 0 = 5*s - 36 - 114. Suppose 5*d - s = 3*d. Calculate the highest common factor of 75 and d.
15
Let l(y) = y + 2. Let n be l(6). Let q(k) = -k - 1. Let p be q(4). Let c be ((-4)/p)/(2/5). What is the greatest common divisor of c and n?
2
Suppose 3*u - 4*q - 205 - 1 = 0, -2*q + 2 = 0. Suppose -6*w + 44 + 16 = 0. What is the highest common divisor of w and u?
10
Let z = -16 + 25. What is the greatest common divisor of z and 3?
3
Let g be 3 - (0 + 1 + -3). Suppose 4*z = -5*y + g, -3*y + 6*y - 4*z - 35 = 0. Calculate the greatest common factor of 15 and y.
5
Let z be (-112)/6*(-3)/2. Let m = 222 + -152. What is the greatest common divisor of m and z?
14
Let a(j) = j**3 + 5*j**2 - 7*j - 14. Let g be a(-4). Calculate the greatest common divisor of 30 and g.
30
Suppose 2*g + 5 = -1. Let z = 8 + g. Let k = 88 - 58. Calculate the greatest common divisor of k and z.
5
Suppose -2*a + 101 = 3*r - 6*r, 2*a + 3*r = 107. What is the highest common factor of 130 and a?
26
Let z(o) = o**2 + 2. Let b be z(2). Suppose 2*y + 2*f - 8 = 0, 1 = 2*y + 5*f - 1. What is the greatest common divisor of b and y?
6
Suppose 0*d = -3*d + 27. Calculate the highest common divisor of 1 and d.
1
Let a be (-1059)/15 + 4/(-10). Let u = -50 - a. Suppose -6 = -4*f + 6. Calculate the greatest common factor of f and u.
3
Suppose -3*k + 3*f + 195 = 0, -k + 0*f + 40 = 4*f. Suppose -4*r + 0*r = -96. Calculate the greatest common divisor of r and k.
12
Suppose t = -3*o + 39, 2*t - o = -0*t + 43. Calculate the greatest common divisor of t and 40.
8
Let l = -176 + 291. What is the greatest common divisor of 46 and l?
23
Suppose 1128 = -7*m + 11*m. Calculate the highest common factor of 47 and m.
47
Let c = 56 - 34. Let f be 66/9*1*3. What is the highest common divisor of f and c?
22
Let k = -6 - -8. Let d be (1*k)/((-30)/(-45)). Calculate the highest common divisor of 21 and d.
3
Suppose 3*x + i = 39, 5*i + 21 = 2*x - 22. Suppose -5*j + 35 = -4*j. What is the highest common divisor of j and x?
7
Let q = 7 - 1. Suppose -32 = -2*h + q*h. Let z = 6 - h. Calculate the greatest common factor of z and 42.
14
Suppose -1 + 11 = 5*m. Suppose 3*g = -m*y - 2*y - 26, 8 = -g - y. Let b be 0 - 3*16/g. Calculate the greatest common factor of 20 and b.
4
Let j = -31 + 39. Calculate the highest common divisor of 2 and j.
2
Let m(u) = -u - 1. Let j be m(-3). Let p(n) = -8*n - 3 + 2*n - n**j - 4*n - 2. Let y be p(-8). What is the greatest common factor of 22 and y?
11
Let b be (3616/(-18))/(-4) + (-2)/9. What is the highest common factor of 20 and b?
10
Let a = 212 + -76. What is the highest common factor of a and 17?
17
Suppose -2*j + 160 = -4*c, -j + 2*c + c = -80. Let o be 12/78 + (-206)/(-13). Calculate the greatest common divisor of j and o.
16
Suppose 2*s + 2*s = -2*x + 202, 235 = 5*s - x. Calculate the greatest common divisor of s and 16.
16
Let k = 40 - -56. What is the greatest common divisor of 12 and k?
12
Let d = 280 - 146. Let v be 7/21 + d/3. Calculate the greatest common divisor of v and 5.
5
Let i(h) = 0 + h**3 + 9 - 7*h - 3*h**2 - 5 + h**2. Let l be i(5). What is the greatest common factor of 4 and l?
4
Suppose -4*j - 210 = -7*j. What is the greatest common factor of 14 and j?
14
Let t(l) = -l**2 + 6*l - 9. Let q be t(6). Let k(m) = m**3 + 8*m**2 - 10*m + 12. Let a be k(q). What is the greatest common divisor of 42 and a?
21
Let r = -9 - -16. Suppose -3*f + 47 = 6*m - m, 0 = -2*m + 5*f - 6. Calculate the highest common factor of r and m.
7
Let p(u) = -u**2 - 3*u - 3 - 5*u + 18. Let t be p(-9). Calculate the highest common factor of 30 and t.
6
Let j = -12 + 24. Calculate the highest common divisor of j and 16.
4
Let r be -5*((-28)/10 - -2). Calculate the highest common divisor of 4 and r.
4
Suppose 3*p - p + 2*d = -2, -4*d - 12 = 2*p. Suppose -3 = p*j - 55. Let y = j + -5. Calculate the highest common factor of y and 72.
8
Let u(h) = -h**2 + 18*h - 47. Let a be u(11). What is the highest common divisor of a and 3?
3
Suppose -4*l - l = -45. Suppose -9*n + 7 + 2 = 0. Calculate the greatest common divisor of l and n.
1
Let g = 7 + -5. Suppose -2*o + 3*k + 173 = 0, -g*o + 3*o - 92 = -4*k. Calculate the highest common divisor of 11 and o.
11
Let c(i) = i + 45. Let z be c(0). Calculate the highest common divisor of 18 and z.
9
Suppose 3*n + 22 = d - 0*n, -d - 3*n = 8. Let z be (-139)/(-5) - 3/(-15). What is the highest common divisor of d and z?
7
Suppose g + g - 10 = -2*h, 0 = -2*g + 4*h + 16. What is the greatest common factor of 42 and g?
6
Let l(o) = 6*o**2 + 8*o + 10. Let r be l(-5). Calculate the highest common divisor of r and 15.
15
Let h = 21 + -11. Calculate the highest common factor of h and 40.
10
Let s(g) = g + 11. Let k be s(-7). Suppose 2*p = -4*i + 72, -126 = -5*p - 3*i + 26. Calculate the highest common factor of k and p.
4
Suppose w = -3 + 13. Suppose 0 = 2*b - w, 4*h + 2*b + b = 55. Calculate the greatest common factor of h and 10.
10
Let a = 41 - -12. Suppose -5*j = -5*t - 59 - 26, -5*t = -3*j + a. Calculate the greatest common factor of 112 and j.
16
Let l(t) = t**3 - 6*t**2 + t - 2. Let k be l(4). Let i be 331/6 + 5/k. What is the highest common divisor of 11 and i?
11
Let h be 14/4 - 3/(-6). Suppose -476 = -h*l + 4. Calculate the greatest common factor of l and 24.
24
Let b = 64 + 8. Calculate the highest common divisor of b and 9.
9
Let n(f) = -f**3 + 10*f**2 - 7*f + 2. Suppose -j + 54 = 5*j. Let o be n(j). Calculate the highest common f